{"id":425,"date":"2026-02-15T20:55:33","date_gmt":"2026-02-15T20:55:33","guid":{"rendered":"https:\/\/pyropech.imi.hr\/?page_id=425"},"modified":"2026-03-09T10:46:51","modified_gmt":"2026-03-09T10:46:51","slug":"brosure-sa-savjetima","status":"publish","type":"page","link":"https:\/\/pyropech.imi.hr\/index.php\/hr\/info\/brosure-sa-savjetima\/","title":{"rendered":"Bro\u0161ure sa savjetima"},"content":{"rendered":"\n<p>Dragi roditelji i skrbnici, dragi u\u010denici, u nastavku mo\u017eete prona\u0107i savjete o 1) zdravom spavanju, 2) pripremi hrane kako bi se smanjio unos ostataka pesticida i 3) zdravoj prehrani koje smo pripremili za Vas.<\/p>\n\n\n\n<ol class=\"wp-block-list\">\n<li><em>Kako uhvatiti dobar ritam: recept za spavanje adolescenat<\/em>a<\/li>\n<\/ol>\n\n\n\n<div class=\"wp-block-file\"><a id=\"wp-block-file--media-07698b77-eff3-4bf5-8ea1-d3d64f20011b\" href=\"http:\/\/pyropech.imi.hr\/wp-content\/uploads\/2026\/02\/Spavanje_adolescenata_PyrOPECH_2026_MOB-1.pdf\"><strong>Verzija za preglednik:<\/strong><\/a><a href=\"http:\/\/pyropech.imi.hr\/wp-content\/uploads\/2026\/02\/Spavanje_adolescenata_PyrOPECH_2026_MOB-1.pdf\" class=\"wp-block-file__button wp-element-button\" download aria-describedby=\"wp-block-file--media-07698b77-eff3-4bf5-8ea1-d3d64f20011b\">Download<\/a><\/div>\n\n\n\n<div class=\"wp-block-file\"><a id=\"wp-block-file--media-49329d4c-a10c-4317-8cde-174456f3536c\" href=\"http:\/\/pyropech.imi.hr\/wp-content\/uploads\/2026\/02\/Spavanje_adolescenata_PyrOPECH_2026_PRINT-1.pdf\"><strong>Verzija za tisak:<\/strong><\/a><a href=\"http:\/\/pyropech.imi.hr\/wp-content\/uploads\/2026\/02\/Spavanje_adolescenata_PyrOPECH_2026_PRINT-1.pdf\" class=\"wp-block-file__button wp-element-button\" download aria-describedby=\"wp-block-file--media-49329d4c-a10c-4317-8cde-174456f3536c\">Download<\/a><\/div>\n\n\n\n<div style=\"height:40px\" aria-hidden=\"true\" class=\"wp-block-spacer\"><\/div>\n\n\n\n<p>2. <em>Savjeti o pripremi hrane prije jela ili kuhanja da bi se smanjio unos ostataka pesticida<\/em><\/p>\n\n\n\n<div class=\"wp-block-file\"><a id=\"wp-block-file--media-c98b0079-b922-4fa9-8b37-32e32fbf093c\" href=\"http:\/\/pyropech.imi.hr\/wp-content\/uploads\/2025\/06\/Letak_PYROPECH_final.pdf\"><strong>Verzija za preglednik i tisak:<\/strong><\/a><a href=\"http:\/\/pyropech.imi.hr\/wp-content\/uploads\/2025\/06\/Letak_PYROPECH_final.pdf\" class=\"wp-block-file__button wp-element-button\" download aria-describedby=\"wp-block-file--media-c98b0079-b922-4fa9-8b37-32e32fbf093c\">Download<\/a><\/div>\n\n\n\n<p><\/p>\n\n\n\n<p>3. <em>Poruke iz tanjura &#8211; preporuke o zdravoj prehrani<\/em><\/p>\n\n\n\n<div class=\"wp-block-file\"><a id=\"wp-block-file--media-e18afb9f-af40-4f84-b596-6e8f322ed714\" href=\"http:\/\/pyropech.imi.hr\/wp-content\/uploads\/2026\/03\/Letak_prehrana_PyrOPECH-1.pdf\"><strong>Verzija za preglednik i tisak:<\/strong><\/a><a href=\"http:\/\/pyropech.imi.hr\/wp-content\/uploads\/2026\/03\/Letak_prehrana_PyrOPECH-1.pdf\" class=\"wp-block-file__button wp-element-button\" download aria-describedby=\"wp-block-file--media-e18afb9f-af40-4f84-b596-6e8f322ed714\">Download<\/a><\/div>\n\n\n\n<p><\/p>\n","protected":false},"excerpt":{"rendered":"<p>Dragi roditelji i skrbnici, dragi u\u010denici, u nastavku mo\u017eete prona\u0107i savjete o 1) zdravom spavanju, 2) pripremi hrane kako bi se smanjio unos ostataka pesticida i 3) zdravoj prehrani koje smo pripremili za Vas. 2. Savjeti o pripremi hrane prije jela ili kuhanja da bi se smanjio unos ostataka pesticida 3. Poruke iz tanjura &#8211; &hellip; <a href=\"https:\/\/pyropech.imi.hr\/index.php\/hr\/info\/brosure-sa-savjetima\/\" class=\"more-link\">Continue reading <span class=\"screen-reader-text\">Bro\u0161ure sa savjetima<\/span><\/a><\/p>\n","protected":false},"author":1,"featured_media":325,"parent":91,"menu_order":0,"comment_status":"closed","ping_status":"closed","template":"","meta":{"footnotes":""},"tags":[],"class_list":["post-425","page","type-page","status-publish","has-post-thumbnail","hentry"],"jetpack_sharing_enabled":true,"_links":{"self":[{"href":"https:\/\/pyropech.imi.hr\/index.php\/wp-json\/wp\/v2\/pages\/425","targetHints":{"allow":["GET"]}}],"collection":[{"href":"https:\/\/pyropech.imi.hr\/index.php\/wp-json\/wp\/v2\/pages"}],"about":[{"href":"https:\/\/pyropech.imi.hr\/index.php\/wp-json\/wp\/v2\/types\/page"}],"author":[{"embeddable":true,"href":"https:\/\/pyropech.imi.hr\/index.php\/wp-json\/wp\/v2\/users\/1"}],"replies":[{"embeddable":true,"href":"https:\/\/pyropech.imi.hr\/index.php\/wp-json\/wp\/v2\/comments?post=425"}],"version-history":[{"count":4,"href":"https:\/\/pyropech.imi.hr\/index.php\/wp-json\/wp\/v2\/pages\/425\/revisions"}],"predecessor-version":[{"id":455,"href":"https:\/\/pyropech.imi.hr\/index.php\/wp-json\/wp\/v2\/pages\/425\/revisions\/455"}],"up":[{"embeddable":true,"href":"https:\/\/pyropech.imi.hr\/index.php\/wp-json\/wp\/v2\/pages\/91"}],"wp:featuredmedia":[{"embeddable":true,"href":"https:\/\/pyropech.imi.hr\/index.php\/wp-json\/wp\/v2\/media\/325"}],"wp:attachment":[{"href":"https:\/\/pyropech.imi.hr\/index.php\/wp-json\/wp\/v2\/media?parent=425"}],"wp:term":[{"taxonomy":"post_tag","embeddable":true,"href":"https:\/\/pyropech.imi.hr\/index.php\/wp-json\/wp\/v2\/tags?post=425"}],"curies":[{"name":"wp","href":"https:\/\/api.w.org\/{rel}","templated":true}]}}